1. Suppose -4*q = -2*q - 2. Suppose p = 3*y - q. What is the units digit of y?
1
Let z(c) = 2*c + 4. What is the units digit of z(5)?
4
Suppose 3*x + 5*r - 12 = 0, -3*x + x = -5*r - 8. Let c = -1 + 3. Let u = x + c. What is the units digit of u?
6
Let j(d) = d**3 - 7*d**2 + 4*d + 7. Let u be j(6). Let y = u - -8. Suppose y*h - 51 = -0*h. What is the tens digit of h?
1
Let r(n) = -n**2 - 4*n. Let x be r(-3). Suppose x*t - 33 = -q, 3*t + 2*t - q - 63 = 0. What is the units digit of t?
2
Suppose 11 = -3*u + 35. Let o be 0 + -2 + (u - -44). Suppose 0 = -0*n - 5*n - 5*m + 70, 0 = 3*n + m - o. What is the tens digit of n?
1
Let q(l) = -l**3 + 13*l**2 - 9*l + 1. What is the tens digit of q(12)?
3
Suppose -3*h = -2*h - 3. Suppose 5*j + 85 = 4*k, 3*k - 62 = -h*j - 5. Suppose -k = -3*d - 5. What is the units digit of d?
5
Let i(r) = -r**3 - 8*r**2 + 10*r + 11. Let t be i(-9). Let o be 8/6*3/t. What is the units digit of 1/o - 21/(-2)?
1
Let w(l) = l**2 - 5*l + 6. Let b be w(5). Let a be b - (0 - -2)/2. Suppose -5*s + 64 - 21 = 4*k, 2*s - 7 = -a*k. What is the units digit of s?
1
Let z(a) = 2*a - 10. Let q be z(7). Let l be q/(-14) + (-584)/14. What is the units digit of (10/15)/((-4)/l)?
7
Let y(v) = v**2 - 1. Let z be y(0). Let k be z/5 - (-244)/20. What is the units digit of k + 1 - (4 + -7)?
6
Let h(m) = -4*m**3 - 2*m**2 - m + 1. What is the units digit of h(-2)?
7
Suppose -2*a - 3*v + 3 = 2*a, 0 = 2*a - v + 1. Suppose -d - 3*d + 52 = a. Let l = d + -8. What is the units digit of l?
5
Let a(x) be the first derivative of x**6/120 + 7*x**5/60 + 7*x**3/6 + x**2 - 2. Let c(g) be the second derivative of a(g). What is the units digit of c(-7)?
7
Suppose 3*f - 44 = -4*q, 4*q + 116 = 6*f - f. Let n = -2 + f. What is the tens digit of n?
1
Suppose 2*n = -2*n + 32. Suppose -2*h + n = -4. Let d(r) = -r**2 + 6*r + 6. What is the units digit of d(h)?
6
Suppose -5*m + 22 = -2*f, f - 4*m + 14 = -0. What is the tens digit of (f/(-18))/(1/99)?
3
Let z(n) = -4*n**3 - n - 1. Let f be z(-1). What is the units digit of (f - 3)*(2 - -3)?
5
Suppose 3*p - 8 = 91. What is the units digit of p?
3
Let i = -1 + 4. Suppose i*q + 6 = -q + 5*o, 3*q + 2*o = -16. What is the units digit of (-27)/q - 3/(-12)?
7
Let b(n) = n - 2. Let a be b(8). Suppose h - a = -2*h - p, 2*h - 4 = -p. Suppose -5*y - h*m = -52, y - 5*m = 3*y - 4. What is the tens digit of y?
1
Let f = 6 + 0. What is the units digit of (1 + 1)*3/f?
1
Let j be (15/10)/((-6)/16). Let o be -2 - 1/(-2)*j. What is the units digit of ((-2)/o + -2)*-2?
3
Suppose -5*d = -0*d + 90. What is the units digit of 2/3 - 60/d?
4
Let c = 66 - 26. What is the units digit of c?
0
Let k(t) = 4*t + 4. Let r be k(7). What is the units digit of 40/(-16)*r/(-10)?
8
Let q be 1/((5/(-6))/5). Let t(l) = -2*l - 6. Let o be t(q). What is the units digit of o/30 - 88/(-10)?
9
Suppose -7*n = -4*n - 72. What is the units digit of n?
4
Suppose 52 = -5*h + 172. What is the tens digit of h?
2
Suppose 0 = 4*a - 4 - 4. Suppose a*z = -0*z + 12. Suppose -5*w - 5*x = -90, -w + 3*x = x - z. What is the tens digit of w?
1
Let o = 96 + 11. What is the hundreds digit of o?
1
Suppose -13 - 31 = 4*m. Let j(r) = 9 + 6 - r**3 - 10*r - 12*r**2 + 0. What is the units digit of j(m)?
4
Let y = -4 - -2. Suppose -5*g = -3*u - 1 - 9, -3*g + 6 = 4*u. Let h = u - y. What is the units digit of h?
2
Let o(l) = l - 4. Let f be o(5). Let j = -5 + f. Let q(g) = 2*g**2 + 5*g - 2. What is the units digit of q(j)?
0
Suppose o + 4*y = 5*y + 3, 5*o - 13 = 3*y. Suppose -o*w + 8 + 14 = 0. What is the units digit of w?
1
Let d = 8 + -3. Suppose 2*i - d = 3*j, -4*j + 0 + 8 = i. Suppose i - 2 = v. What is the units digit of v?
2
Let i(w) = w**3 + 9*w**2 + 7*w + 4. What is the units digit of i(-6)?
0
What is the tens digit of ((-40)/(-6))/((-2)/(-12))?
4
What is the units digit of (-1)/3*-3 + 37?
8
Let t(b) = b + 2. Let c(w) = -1. Let i(q) = 6*c(q) + 2*t(q). Let d be i(2). Let j(z) = -z**3 + 2*z**2 + 1. What is the units digit of j(d)?
1
Let x = 9 + -6. What is the units digit of -19*(1*-4 + x)?
9
Let n be -3 + 4/1 + 5. Let o be (n/(-9))/(2/(-60)). Suppose 5*h - o = h. What is the units digit of h?
5
Suppose 2*l + l - 3*n = 0, 4*n = 5*l. Suppose 0 = -f - 0*f + 4. Suppose -5*h + 2*a + 43 = l, -3*h - f*a + 7 = 2. What is the units digit of h?
7
Suppose 0 = 2*m - 243 + 83. What is the units digit of m?
0
Let w(u) = 89*u**3 + u**2. Let l be w(1). Suppose -3*x = -0*x - l. Let p = x - 20. What is the tens digit of p?
1
Suppose 4*b - 3*y - 1 = 22, -4*b - 5*y + 15 = 0. Let o(l) = -l**2 + 10*l - 7. What is the tens digit of o(b)?
1
Let p(m) = 64*m**2 - 2*m - 2. Let q be p(-1). Suppose -4*x = -4*n + q, x + 44 = 2*n + 8. What is the tens digit of n?
2
Let w(j) = -j - 3. Let q be w(-5). Suppose 0 = u - q*u + 17. What is the units digit of u?
7
What is the tens digit of 46*1*3/6?
2
Let p = -71 - -103. Let x(a) = a**3 + 3*a**2 - 5*a - 1. Let b be x(-4). Suppose 0 = 3*y - 8*m + 4*m - p, 2*y - b = -m. What is the units digit of y?
4
What is the tens digit of -1*(-1 - 30/1)?
3
Suppose 4*t + 45 = -3*w, -w + 3*t = 3*w + 35. Let y = w - -5. Let k = y - -11. What is the units digit of k?
5
Suppose -2*t - 64 = -4*q - q, 5*t - 26 = -3*q. Let i = q + -8. What is the units digit of i?
4
Let l = -27 - -31. What is the units digit of 4*l/((-16)/(-47))?
7
Let o = 14 - 8. Suppose o*i + 112 = 10*i. What is the tens digit of i?
2
Let z(y) be the first derivative of y**4/4 - 2*y**3/3 - 5*y**2/2 - 4*y - 3. Let k be z(5). Suppose -3*j = 5*u - k, -j - 1 + 9 = u. What is the units digit of u?
1
Let w = -19 + 25. What is the units digit of ((-9)/6)/(w/(-4))?
1
Suppose 0 = -4*l - c - c + 6, 3*l + 5*c = 1. Let y(z) = -z + 1 + l*z**2 - 3 + 4. What is the units digit of y(2)?
8
Let h(v) = 3*v**3 - 16*v**3 - 2*v**2 + v + 2*v**2 + v**2. What is the tens digit of h(-1)?
1
Let q = 1 + 1. Suppose -q*x = -20 - 8. What is the units digit of x?
4
What is the tens digit of 9/3 - -2*7?
1
Let q(f) = f**2 + 17*f + 27. What is the tens digit of q(-16)?
1
Let p(r) = -r + 5. Let f be (0 + 14)*1/(-2). What is the units digit of p(f)?
2
Let c(m) = -m + 12. Let k be c(9). Suppose -v = 2*j - 4, 4*j + 6 = 7*j - k*v. What is the units digit of j?
2
Let a(h) = -6*h**3 - 2*h**2 - 3*h - 3. Let t be a(-2). Suppose y = -5, 3*m - y - t = m. What is the tens digit of m?
1
Let l = 4 + -3. What is the tens digit of (-4)/(l/(-4) + 0)?
1
Suppose -4*r - 36 = 4*p, 2*r + r - p + 15 = 0. Let s = r - -9. Suppose -4*x = -5*v + 60, 0 = -5*v + s*x + 23 + 32. What is the units digit of v?
8
Suppose 0 = -0*i + 2*i - 26. Let n = i - 8. Suppose 2*s + 4*g - 46 = 0, -s + n*s - 2*g - 52 = 0. What is the units digit of s?
5
Let k(j) be the second derivative of 3*j**4/4 - j**2/2 + j. Let u(g) = -2*g + 1. Let y be u(1). What is the units digit of k(y)?
8
Let f(g) = -g**2 + 13*g - 15. Let v be f(10). Suppose -v = -q - 6. What is the units digit of q?
9
Let v(f) be the first derivative of f**2 - 3*f - 4. What is the tens digit of v(10)?
1
Let s(d) = 2*d**3 - 3*d**2 + 3*d - 4. What is the units digit of s(3)?
2
Suppose y = -0*y + 4. Suppose 1 + 27 = y*s. What is the units digit of s?
7
Let m be (9 + -3)/(6/8). Let j(p) = -p + 11. What is the units digit of j(m)?
3
Let d = -36 - -93. What is the tens digit of d?
5
What is the units digit of (0 - 5)*(0 - 1)?
5
Suppose -4*h - r + 231 = 0, -2*h + 76 = -5*r - 67. What is the units digit of h?
9
Let w(a) = 2*a - 11. What is the units digit of w(10)?
9
Suppose 3*j - 350 = -2*j. What is the units digit of j?
0
Let u be ((1*-4)/(-2))/(-2). Let o(d) = d**2 - 5*d + 3. Let p be o(5). Let m = p - u. What is the units digit of m?
4
Let i be (-14)/49 + (-37)/(-7). Suppose 87 = i*m + 3*v - 0*v, -3 = 3*v. What is the units digit of m?
8
Let p(o) = o**3 + 8*o**2 - 10*o - 26. What is the units digit of p(-6)?
6
Suppose -7 - 3 = 5*q. Let d = q + -1. What is the units digit of (-11)/((6/d)/2)?
1
Suppose -5*x = 4*d - 5 + 4, -2*d = 3*x + 1. Let y = 3 - 1. Suppose d*k - j - 5 = -y, -2*k = -4*j + 2. What is the units digit of k?
1
Let j(i) = -3*i - 2. Let f be j(-4). Let l be (-12)/f*(-3 + -12). Let u = -12 + l. What is the units digit of u?
6
Suppose 2*a - 32 = q, -4*a - q + 15 + 37 = 0. What is the units digit of a?
4
Let t be 18/22 - (-12)/66. What i